{"id":424,"date":"2023-04-24T16:24:24","date_gmt":"2023-04-24T16:24:24","guid":{"rendered":"https:\/\/campinglosviveros.net\/?page_id=424"},"modified":"2026-01-11T17:42:44","modified_gmt":"2026-01-11T17:42:44","slug":"casa-rural","status":"publish","type":"page","link":"https:\/\/campinglosviveros.net\/?page_id=424","title":{"rendered":"Casa rural"},"content":{"rendered":"<h1>Casa rural:<br \/>\nCaser\u00edo Las Tinajas<\/h1>\n<h3>\u00a1Consulta la disponibilidad ahora!<\/h3>\n<p><a href=\"https:\/\/www.campinglosviveros.com\/#ctc_chat\" target=\"_blank\" rel=\"noopener\"><br \/>\nDisponibilidad<br \/>\n<\/a><\/p>\n<h3>Caracter\u00edsticas<\/h3>\n<p>Descubre la aut\u00e9ntica esencia rural con una estancia inolvidable en un enclave \u00fanico: <strong>Naturaleza, paz y descanso<\/strong>.<\/p>\n<p><strong>La Casa rural tal es un lugar ideal para descansar<\/strong>, para celebrar una reuni\u00f3n de negocios o en familia y para llevar a los ni\u00f1os donde ellos se divierten correteando por los jardines o en parque infantil.<\/p>\n<h5>Detalles<\/h5>\n<ul>\n<li>4 dormitorios (3 con cama de matrimonio y cama supletoria, 1 con\u00a0 cama de matrimonio)<\/li>\n<li>Cocina totalmente equipada<\/li>\n<li>Sal\u00f3n comedor de grandes dimensiones<\/li>\n<li>Ba\u00f1o y aseo<\/li>\n<li>Galer\u00eda (lavadora y lavadero)<\/li>\n<li>Barbacoa cubierta.<\/li>\n<li>Piscina<\/li>\n<li>Jard\u00edn, parque para los coches<\/li>\n<li>En todos los alojamientos\u00a0<strong>se incluye la ropa de cama<\/strong>.<\/li>\n<li><strong>La gerencia no pone toallas personales.<\/strong><\/li>\n<li><span style=\"color: revert; font-size: revert; font-weight: revert;\">Precios<\/span><\/li>\n<\/ul>\n<table id=\"tablepress-3-no-3\" style=\"height: 285px;\" width=\"405\">\n<caption style=\"caption-side: bottom; text-align: left; border: none; background: none; margin: 0; padding: 0;\"><a href=\"https:\/\/campinglosviveros.net\/wp-admin\/admin.php?page=tablepress&amp;action=edit&amp;table_id=3\" rel=\"nofollow\">Editar<\/a><\/caption>\n<thead>\n<tr>\n<th colspan=\"2\"><strong>TARIFAS DE PRECIOS<\/strong><\/th>\n<\/tr>\n<\/thead>\n<tbody>\n<tr>\n<td colspan=\"2\"><strong>Casa para 17 personas<\/strong><\/td>\n<\/tr>\n<tr>\n<td>Octubre a Abril (2 noches)<\/td>\n<td><strong>400\u20ac fin de semana<\/strong><\/td>\n<\/tr>\n<tr>\n<td>Mayo a Junio (2 noches) con piscina<\/td>\n<td><strong>500 \u20ac fin de semana<\/strong><\/td>\n<\/tr>\n<tr>\n<td>Julio a Septiembre <strong>7 noches<\/strong><\/td>\n<td><strong>1400 \u20ac\/semana\u00a0<\/strong><\/td>\n<\/tr>\n<tr>\n<td colspan=\"2\">\u00a0Semana Santa, festivos, puentes y Navidad. Consultar Tarifas\u00a0 \u00a0 IVA INCLUIDO<\/td>\n<\/tr>\n<\/tbody>\n<\/table>\n<p><a href=\"https:\/\/campinglosviveros.net\/wp-content\/uploads\/2023\/04\/Casa-Jose-030-min-scaled.jpeg\" data-elementor-open-lightbox=\"yes\" data-elementor-lightbox-slideshow=\"all-60f1bc97\" data-elementor-lightbox-title=\"Casa-Jose\u0301-030-min\" data-e-action-hash=\"#elementor-action%3Aaction%3Dlightbox%26settings%3DeyJpZCI6NDM2LCJ1cmwiOiJodHRwczpcL1wvY2FtcGluZ2xvc3ZpdmVyb3MubmV0XC93cC1jb250ZW50XC91cGxvYWRzXC8yMDIzXC8wNFwvQ2FzYS1Kb3NlLTAzMC1taW4tc2NhbGVkLmpwZWciLCJzbGlkZXNob3ciOiJhbGwtNjBmMWJjOTcifQ%3D%3D\"><br \/>\n<\/a><br \/>\n<a href=\"https:\/\/campinglosviveros.net\/wp-content\/uploads\/2023\/04\/Casa-Jose-031-min-scaled.jpeg\" data-elementor-open-lightbox=\"yes\" data-elementor-lightbox-slideshow=\"all-60f1bc97\" data-elementor-lightbox-title=\"Casa-Jose\u0301-031-min\" data-e-action-hash=\"#elementor-action%3Aaction%3Dlightbox%26settings%3DeyJpZCI6NDM4LCJ1cmwiOiJodHRwczpcL1wvY2FtcGluZ2xvc3ZpdmVyb3MubmV0XC93cC1jb250ZW50XC91cGxvYWRzXC8yMDIzXC8wNFwvQ2FzYS1Kb3NlLTAzMS1taW4tc2NhbGVkLmpwZWciLCJzbGlkZXNob3ciOiJhbGwtNjBmMWJjOTcifQ%3D%3D\"><br \/>\n<\/a><br \/>\n<a href=\"https:\/\/campinglosviveros.net\/wp-content\/uploads\/2023\/04\/Casa-Jose-037-min-scaled.jpeg\" data-elementor-open-lightbox=\"yes\" data-elementor-lightbox-slideshow=\"all-60f1bc97\" data-elementor-lightbox-title=\"Casa-Jose\u0301-037-min\" data-e-action-hash=\"#elementor-action%3Aaction%3Dlightbox%26settings%3DeyJpZCI6NDMxLCJ1cmwiOiJodHRwczpcL1wvY2FtcGluZ2xvc3ZpdmVyb3MubmV0XC93cC1jb250ZW50XC91cGxvYWRzXC8yMDIzXC8wNFwvQ2FzYS1Kb3NlLTAzNy1taW4tc2NhbGVkLmpwZWciLCJzbGlkZXNob3ciOiJhbGwtNjBmMWJjOTcifQ%3D%3D\"><br \/>\n<\/a><br \/>\n<a href=\"https:\/\/campinglosviveros.net\/wp-content\/uploads\/2023\/04\/Casa-Jose-035-min-scaled.jpeg\" data-elementor-open-lightbox=\"yes\" data-elementor-lightbox-slideshow=\"all-60f1bc97\" data-elementor-lightbox-title=\"Casa-Jose\u0301-035-min\" data-e-action-hash=\"#elementor-action%3Aaction%3Dlightbox%26settings%3DeyJpZCI6NDI3LCJ1cmwiOiJodHRwczpcL1wvY2FtcGluZ2xvc3ZpdmVyb3MubmV0XC93cC1jb250ZW50XC91cGxvYWRzXC8yMDIzXC8wNFwvQ2FzYS1Kb3NlLTAzNS1taW4tc2NhbGVkLmpwZWciLCJzbGlkZXNob3ciOiJhbGwtNjBmMWJjOTcifQ%3D%3D\"><br \/>\n<\/a><br \/>\n<a href=\"https:\/\/campinglosviveros.net\/wp-content\/uploads\/2023\/04\/Casa-Jose-033-min-scaled.jpeg\" data-elementor-open-lightbox=\"yes\" data-elementor-lightbox-slideshow=\"all-60f1bc97\" data-elementor-lightbox-title=\"Casa-Jose\u0301-033-min\" data-e-action-hash=\"#elementor-action%3Aaction%3Dlightbox%26settings%3DeyJpZCI6NDM5LCJ1cmwiOiJodHRwczpcL1wvY2FtcGluZ2xvc3ZpdmVyb3MubmV0XC93cC1jb250ZW50XC91cGxvYWRzXC8yMDIzXC8wNFwvQ2FzYS1Kb3NlLTAzMy1taW4tc2NhbGVkLmpwZWciLCJzbGlkZXNob3ciOiJhbGwtNjBmMWJjOTcifQ%3D%3D\"><br \/>\n<\/a><br \/>\n<a href=\"https:\/\/campinglosviveros.net\/wp-content\/uploads\/2025\/01\/casa-rural-porche-trasero-casa-pequena-aseo-piscina-1.jpg\" data-elementor-open-lightbox=\"yes\" data-elementor-lightbox-slideshow=\"all-60f1bc97\" data-elementor-lightbox-title=\"casa rural porche trasero casa pequen\u0303a aseo piscina (1)\" data-e-action-hash=\"#elementor-action%3Aaction%3Dlightbox%26settings%3DeyJpZCI6NzM1LCJ1cmwiOiJodHRwczpcL1wvY2FtcGluZ2xvc3ZpdmVyb3MubmV0XC93cC1jb250ZW50XC91cGxvYWRzXC8yMDI1XC8wMVwvY2FzYS1ydXJhbC1wb3JjaGUtdHJhc2Vyby1jYXNhLXBlcXVlbmEtYXNlby1waXNjaW5hLTEuanBnIiwic2xpZGVzaG93IjoiYWxsLTYwZjFiYzk3In0%3D\"><br \/>\n<\/a><br \/>\n<a href=\"https:\/\/campinglosviveros.net\/wp-content\/uploads\/2025\/01\/casa-rural-aseo-casa-pequena-piscina.jpg\" data-elementor-open-lightbox=\"yes\" data-elementor-lightbox-slideshow=\"all-60f1bc97\" data-elementor-lightbox-title=\"casa rural aseo casa pequen\u0303a piscina\" data-e-action-hash=\"#elementor-action%3Aaction%3Dlightbox%26settings%3DeyJpZCI6NzM3LCJ1cmwiOiJodHRwczpcL1wvY2FtcGluZ2xvc3ZpdmVyb3MubmV0XC93cC1jb250ZW50XC91cGxvYWRzXC8yMDI1XC8wMVwvY2FzYS1ydXJhbC1hc2VvLWNhc2EtcGVxdWVuYS1waXNjaW5hLmpwZyIsInNsaWRlc2hvdyI6ImFsbC02MGYxYmM5NyJ9\"><br \/>\n<\/a><br \/>\n<a href=\"https:\/\/campinglosviveros.net\/wp-content\/uploads\/2025\/01\/casa-rural-aseo-havitacion-matrionio-scaled.jpg\" data-elementor-open-lightbox=\"yes\" data-elementor-lightbox-slideshow=\"all-60f1bc97\" data-elementor-lightbox-title=\"casa rural aseo havitacion matrionio\" data-e-action-hash=\"#elementor-action%3Aaction%3Dlightbox%26settings%3DeyJpZCI6NzM5LCJ1cmwiOiJodHRwczpcL1wvY2FtcGluZ2xvc3ZpdmVyb3MubmV0XC93cC1jb250ZW50XC91cGxvYWRzXC8yMDI1XC8wMVwvY2FzYS1ydXJhbC1hc2VvLWhhdml0YWNpb24tbWF0cmlvbmlvLXNjYWxlZC5qcGciLCJzbGlkZXNob3ciOiJhbGwtNjBmMWJjOTcifQ%3D%3D\"><br \/>\n<\/a><br \/>\n<a href=\"https:\/\/campinglosviveros.net\/wp-content\/uploads\/2025\/01\/casa-rural-aseo-havitacion-peqena-1-scaled.jpg\" data-elementor-open-lightbox=\"yes\" data-elementor-lightbox-slideshow=\"all-60f1bc97\" data-elementor-lightbox-title=\"casa rural aseo havitacion peqen\u0303a 1\" data-e-action-hash=\"#elementor-action%3Aaction%3Dlightbox%26settings%3DeyJpZCI6NzQxLCJ1cmwiOiJodHRwczpcL1wvY2FtcGluZ2xvc3ZpdmVyb3MubmV0XC93cC1jb250ZW50XC91cGxvYWRzXC8yMDI1XC8wMVwvY2FzYS1ydXJhbC1hc2VvLWhhdml0YWNpb24tcGVxZW5hLTEtc2NhbGVkLmpwZyIsInNsaWRlc2hvdyI6ImFsbC02MGYxYmM5NyJ9\"><br \/>\n<\/a><br \/>\n<a href=\"https:\/\/campinglosviveros.net\/wp-content\/uploads\/2025\/01\/casa-rural-aseo-havitacion-pequena-2-scaled.jpg\" data-elementor-open-lightbox=\"yes\" data-elementor-lightbox-slideshow=\"all-60f1bc97\" data-elementor-lightbox-title=\"casa rural aseo havitacion pequen\u0303a 2\" data-e-action-hash=\"#elementor-action%3Aaction%3Dlightbox%26settings%3DeyJpZCI6NzQzLCJ1cmwiOiJodHRwczpcL1wvY2FtcGluZ2xvc3ZpdmVyb3MubmV0XC93cC1jb250ZW50XC91cGxvYWRzXC8yMDI1XC8wMVwvY2FzYS1ydXJhbC1hc2VvLWhhdml0YWNpb24tcGVxdWVuYS0yLXNjYWxlZC5qcGciLCJzbGlkZXNob3ciOiJhbGwtNjBmMWJjOTcifQ%3D%3D\"><br \/>\n<\/a><br \/>\n<a href=\"https:\/\/campinglosviveros.net\/wp-content\/uploads\/2025\/01\/casa-rural-barbacoa-scaled.jpg\" data-elementor-open-lightbox=\"yes\" data-elementor-lightbox-slideshow=\"all-60f1bc97\" data-elementor-lightbox-title=\"casa rural barbacoa\" data-e-action-hash=\"#elementor-action%3Aaction%3Dlightbox%26settings%3DeyJpZCI6NzQ1LCJ1cmwiOiJodHRwczpcL1wvY2FtcGluZ2xvc3ZpdmVyb3MubmV0XC93cC1jb250ZW50XC91cGxvYWRzXC8yMDI1XC8wMVwvY2FzYS1ydXJhbC1iYXJiYWNvYS1zY2FsZWQuanBnIiwic2xpZGVzaG93IjoiYWxsLTYwZjFiYzk3In0%3D\"><br \/>\n<\/a><br \/>\n<a href=\"https:\/\/campinglosviveros.net\/wp-content\/uploads\/2025\/01\/casa-rural-casa-pequena-2.jpg\" data-elementor-open-lightbox=\"yes\" data-elementor-lightbox-slideshow=\"all-60f1bc97\" data-elementor-lightbox-title=\"casa rural casa pequen\u0303a (2)\" data-e-action-hash=\"#elementor-action%3Aaction%3Dlightbox%26settings%3DeyJpZCI6NzQ3LCJ1cmwiOiJodHRwczpcL1wvY2FtcGluZ2xvc3ZpdmVyb3MubmV0XC93cC1jb250ZW50XC91cGxvYWRzXC8yMDI1XC8wMVwvY2FzYS1ydXJhbC1jYXNhLXBlcXVlbmEtMi5qcGciLCJzbGlkZXNob3ciOiJhbGwtNjBmMWJjOTcifQ%3D%3D\"><br \/>\n<\/a><br \/>\n<a href=\"https:\/\/campinglosviveros.net\/wp-content\/uploads\/2025\/01\/casa-rural-casa-pequena.jpg\" data-elementor-open-lightbox=\"yes\" data-elementor-lightbox-slideshow=\"all-60f1bc97\" data-elementor-lightbox-title=\"casa rural casa pequen\u0303a\" data-e-action-hash=\"#elementor-action%3Aaction%3Dlightbox%26settings%3DeyJpZCI6NzQ5LCJ1cmwiOiJodHRwczpcL1wvY2FtcGluZ2xvc3ZpdmVyb3MubmV0XC93cC1jb250ZW50XC91cGxvYWRzXC8yMDI1XC8wMVwvY2FzYS1ydXJhbC1jYXNhLXBlcXVlbmEuanBnIiwic2xpZGVzaG93IjoiYWxsLTYwZjFiYzk3In0%3D\"><br \/>\n<\/a><br \/>\n<a href=\"https:\/\/campinglosviveros.net\/wp-content\/uploads\/2025\/01\/casa-rural-cocina-1-scaled.jpg\" data-elementor-open-lightbox=\"yes\" data-elementor-lightbox-slideshow=\"all-60f1bc97\" data-elementor-lightbox-title=\"casa rural cocina 1\" data-e-action-hash=\"#elementor-action%3Aaction%3Dlightbox%26settings%3DeyJpZCI6NzUxLCJ1cmwiOiJodHRwczpcL1wvY2FtcGluZ2xvc3ZpdmVyb3MubmV0XC93cC1jb250ZW50XC91cGxvYWRzXC8yMDI1XC8wMVwvY2FzYS1ydXJhbC1jb2NpbmEtMS1zY2FsZWQuanBnIiwic2xpZGVzaG93IjoiYWxsLTYwZjFiYzk3In0%3D\"><br \/>\n<\/a><br \/>\n<a href=\"https:\/\/campinglosviveros.net\/wp-content\/uploads\/2025\/01\/casa-rural-cocina-2-scaled.jpeg\" data-elementor-open-lightbox=\"yes\" data-elementor-lightbox-slideshow=\"all-60f1bc97\" data-elementor-lightbox-title=\"casa rural cocina 2\" data-e-action-hash=\"#elementor-action%3Aaction%3Dlightbox%26settings%3DeyJpZCI6NzUzLCJ1cmwiOiJodHRwczpcL1wvY2FtcGluZ2xvc3ZpdmVyb3MubmV0XC93cC1jb250ZW50XC91cGxvYWRzXC8yMDI1XC8wMVwvY2FzYS1ydXJhbC1jb2NpbmEtMi1zY2FsZWQuanBlZyIsInNsaWRlc2hvdyI6ImFsbC02MGYxYmM5NyJ9\"><br \/>\n<\/a><br \/>\n<a href=\"https:\/\/campinglosviveros.net\/wp-content\/uploads\/2025\/01\/casa-rural-comedor-scaled.jpg\" data-elementor-open-lightbox=\"yes\" data-elementor-lightbox-slideshow=\"all-60f1bc97\" data-elementor-lightbox-title=\"casa rural comedor\" data-e-action-hash=\"#elementor-action%3Aaction%3Dlightbox%26settings%3DeyJpZCI6NzU1LCJ1cmwiOiJodHRwczpcL1wvY2FtcGluZ2xvc3ZpdmVyb3MubmV0XC93cC1jb250ZW50XC91cGxvYWRzXC8yMDI1XC8wMVwvY2FzYS1ydXJhbC1jb21lZG9yLXNjYWxlZC5qcGciLCJzbGlkZXNob3ciOiJhbGwtNjBmMWJjOTcifQ%3D%3D\"><br \/>\n<\/a><br \/>\n<a href=\"https:\/\/campinglosviveros.net\/wp-content\/uploads\/2025\/01\/casa-rural-havitacion-matrimonio-scaled.jpg\" data-elementor-open-lightbox=\"yes\" data-elementor-lightbox-slideshow=\"all-60f1bc97\" data-elementor-lightbox-title=\"casa rural havitacion matrimonio\" data-e-action-hash=\"#elementor-action%3Aaction%3Dlightbox%26settings%3DeyJpZCI6NzU3LCJ1cmwiOiJodHRwczpcL1wvY2FtcGluZ2xvc3ZpdmVyb3MubmV0XC93cC1jb250ZW50XC91cGxvYWRzXC8yMDI1XC8wMVwvY2FzYS1ydXJhbC1oYXZpdGFjaW9uLW1hdHJpbW9uaW8tc2NhbGVkLmpwZyIsInNsaWRlc2hvdyI6ImFsbC02MGYxYmM5NyJ9\"><br \/>\n<\/a><br \/>\n<a href=\"https:\/\/campinglosviveros.net\/wp-content\/uploads\/2025\/01\/casa-rural-havitacion-pequena-1-scaled.jpg\" data-elementor-open-lightbox=\"yes\" data-elementor-lightbox-slideshow=\"all-60f1bc97\" data-elementor-lightbox-title=\"casa rural havitacion pequen\u0303a 1\" data-e-action-hash=\"#elementor-action%3Aaction%3Dlightbox%26settings%3DeyJpZCI6NzU5LCJ1cmwiOiJodHRwczpcL1wvY2FtcGluZ2xvc3ZpdmVyb3MubmV0XC93cC1jb250ZW50XC91cGxvYWRzXC8yMDI1XC8wMVwvY2FzYS1ydXJhbC1oYXZpdGFjaW9uLXBlcXVlbmEtMS1zY2FsZWQuanBnIiwic2xpZGVzaG93IjoiYWxsLTYwZjFiYzk3In0%3D\"><br \/>\n<\/a><br \/>\n<a href=\"https:\/\/campinglosviveros.net\/wp-content\/uploads\/2025\/01\/casa-rural-havitacion-pequena-2-scaled.jpg\" data-elementor-open-lightbox=\"yes\" data-elementor-lightbox-slideshow=\"all-60f1bc97\" data-elementor-lightbox-title=\"casa rural havitacion pequen\u0303a 2\" data-e-action-hash=\"#elementor-action%3Aaction%3Dlightbox%26settings%3DeyJpZCI6NzYxLCJ1cmwiOiJodHRwczpcL1wvY2FtcGluZ2xvc3ZpdmVyb3MubmV0XC93cC1jb250ZW50XC91cGxvYWRzXC8yMDI1XC8wMVwvY2FzYS1ydXJhbC1oYXZpdGFjaW9uLXBlcXVlbmEtMi1zY2FsZWQuanBnIiwic2xpZGVzaG93IjoiYWxsLTYwZjFiYzk3In0%3D\"><br \/>\n<\/a><br \/>\n<a href=\"https:\/\/campinglosviveros.net\/wp-content\/uploads\/2025\/01\/casa-rural-havitacion-pequena-scaled.jpg\" data-elementor-open-lightbox=\"yes\" data-elementor-lightbox-slideshow=\"all-60f1bc97\" data-elementor-lightbox-title=\"casa rural havitacion pequen\u0303a\" data-e-action-hash=\"#elementor-action%3Aaction%3Dlightbox%26settings%3DeyJpZCI6NzYzLCJ1cmwiOiJodHRwczpcL1wvY2FtcGluZ2xvc3ZpdmVyb3MubmV0XC93cC1jb250ZW50XC91cGxvYWRzXC8yMDI1XC8wMVwvY2FzYS1ydXJhbC1oYXZpdGFjaW9uLXBlcXVlbmEtc2NhbGVkLmpwZyIsInNsaWRlc2hvdyI6ImFsbC02MGYxYmM5NyJ9\"><br \/>\n<\/a><br \/>\n<a href=\"https:\/\/campinglosviveros.net\/wp-content\/uploads\/2025\/01\/casa-rural-picina-noche.jpg\" data-elementor-open-lightbox=\"yes\" data-elementor-lightbox-slideshow=\"all-60f1bc97\" data-elementor-lightbox-title=\"casa rural picina noche\" data-e-action-hash=\"#elementor-action%3Aaction%3Dlightbox%26settings%3DeyJpZCI6NzY1LCJ1cmwiOiJodHRwczpcL1wvY2FtcGluZ2xvc3ZpdmVyb3MubmV0XC93cC1jb250ZW50XC91cGxvYWRzXC8yMDI1XC8wMVwvY2FzYS1ydXJhbC1waWNpbmEtbm9jaGUuanBnIiwic2xpZGVzaG93IjoiYWxsLTYwZjFiYzk3In0%3D\"><br \/>\n<\/a><br \/>\n<a href=\"https:\/\/campinglosviveros.net\/wp-content\/uploads\/2025\/01\/casa-rural-piscina-dia.jpg\" data-elementor-open-lightbox=\"yes\" data-elementor-lightbox-slideshow=\"all-60f1bc97\" data-elementor-lightbox-title=\"casa rural piscina dia\" data-e-action-hash=\"#elementor-action%3Aaction%3Dlightbox%26settings%3DeyJpZCI6NzY3LCJ1cmwiOiJodHRwczpcL1wvY2FtcGluZ2xvc3ZpdmVyb3MubmV0XC93cC1jb250ZW50XC91cGxvYWRzXC8yMDI1XC8wMVwvY2FzYS1ydXJhbC1waXNjaW5hLWRpYS5qcGciLCJzbGlkZXNob3ciOiJhbGwtNjBmMWJjOTcifQ%3D%3D\"><br \/>\n<\/a><br \/>\n<a href=\"https:\/\/campinglosviveros.net\/wp-content\/uploads\/2025\/01\/casa-rural-porche-trasero-casa-2.jpg\" data-elementor-open-lightbox=\"yes\" data-elementor-lightbox-slideshow=\"all-60f1bc97\" data-elementor-lightbox-title=\"casa rural porche trasero casa 2\" data-e-action-hash=\"#elementor-action%3Aaction%3Dlightbox%26settings%3DeyJpZCI6NzY5LCJ1cmwiOiJodHRwczpcL1wvY2FtcGluZ2xvc3ZpdmVyb3MubmV0XC93cC1jb250ZW50XC91cGxvYWRzXC8yMDI1XC8wMVwvY2FzYS1ydXJhbC1wb3JjaGUtdHJhc2Vyby1jYXNhLTIuanBnIiwic2xpZGVzaG93IjoiYWxsLTYwZjFiYzk3In0%3D\"><br \/>\n<\/a><br \/>\n<a href=\"https:\/\/campinglosviveros.net\/wp-content\/uploads\/2025\/01\/casa-rural-porche-trasero-scaled.jpg\" data-elementor-open-lightbox=\"yes\" data-elementor-lightbox-slideshow=\"all-60f1bc97\" data-elementor-lightbox-title=\"casa rural porche trasero\" data-e-action-hash=\"#elementor-action%3Aaction%3Dlightbox%26settings%3DeyJpZCI6NzcxLCJ1cmwiOiJodHRwczpcL1wvY2FtcGluZ2xvc3ZpdmVyb3MubmV0XC93cC1jb250ZW50XC91cGxvYWRzXC8yMDI1XC8wMVwvY2FzYS1ydXJhbC1wb3JjaGUtdHJhc2Vyby1zY2FsZWQuanBnIiwic2xpZGVzaG93IjoiYWxsLTYwZjFiYzk3In0%3D\"><br \/>\n<\/a><br \/>\n<a href=\"https:\/\/campinglosviveros.net\/wp-content\/uploads\/2025\/01\/casa-rural-portada-casa-rural-scaled.jpg\" data-elementor-open-lightbox=\"yes\" data-elementor-lightbox-slideshow=\"all-60f1bc97\" data-elementor-lightbox-title=\"casa rural portada casa rural\" data-e-action-hash=\"#elementor-action%3Aaction%3Dlightbox%26settings%3DeyJpZCI6NzczLCJ1cmwiOiJodHRwczpcL1wvY2FtcGluZ2xvc3ZpdmVyb3MubmV0XC93cC1jb250ZW50XC91cGxvYWRzXC8yMDI1XC8wMVwvY2FzYS1ydXJhbC1wb3J0YWRhLWNhc2EtcnVyYWwtc2NhbGVkLmpwZyIsInNsaWRlc2hvdyI6ImFsbC02MGYxYmM5NyJ9\"><br \/>\n<\/a><\/p>\n","protected":false},"excerpt":{"rendered":"<p>Casa rural: Caser\u00edo Las Tinajas \u00a1Consulta la disponibilidad ahora! Disponibilidad Caracter\u00edsticas Descubre la aut\u00e9ntica esencia rural con una estancia inolvidable en un enclave \u00fanico: Naturaleza, paz y descanso. La Casa rural tal es un lugar ideal para descansar, para celebrar una reuni\u00f3n de negocios o en familia y para llevar a los ni\u00f1os donde ellos [&hellip;]<\/p>\n","protected":false},"author":1,"featured_media":0,"parent":0,"menu_order":0,"comment_status":"closed","ping_status":"closed","template":"elementor_header_footer","meta":{"inline_featured_image":false,"footnotes":""},"class_list":["post-424","page","type-page","status-publish","hentry"],"_links":{"self":[{"href":"https:\/\/campinglosviveros.net\/index.php?rest_route=\/wp\/v2\/pages\/424","targetHints":{"allow":["GET"]}}],"collection":[{"href":"https:\/\/campinglosviveros.net\/index.php?rest_route=\/wp\/v2\/pages"}],"about":[{"href":"https:\/\/campinglosviveros.net\/index.php?rest_route=\/wp\/v2\/types\/page"}],"author":[{"embeddable":true,"href":"https:\/\/campinglosviveros.net\/index.php?rest_route=\/wp\/v2\/users\/1"}],"replies":[{"embeddable":true,"href":"https:\/\/campinglosviveros.net\/index.php?rest_route=%2Fwp%2Fv2%2Fcomments&post=424"}],"version-history":[{"count":19,"href":"https:\/\/campinglosviveros.net\/index.php?rest_route=\/wp\/v2\/pages\/424\/revisions"}],"predecessor-version":[{"id":892,"href":"https:\/\/campinglosviveros.net\/index.php?rest_route=\/wp\/v2\/pages\/424\/revisions\/892"}],"wp:attachment":[{"href":"https:\/\/campinglosviveros.net\/index.php?rest_route=%2Fwp%2Fv2%2Fmedia&parent=424"}],"curies":[{"name":"wp","href":"https:\/\/api.w.org\/{rel}","templated":true}]}}