{"id":388,"date":"2023-04-24T15:48:33","date_gmt":"2023-04-24T15:48:33","guid":{"rendered":"https:\/\/campinglosviveros.net\/?page_id=388"},"modified":"2026-03-11T09:14:20","modified_gmt":"2026-03-11T09:14:20","slug":"casas-de-madera","status":"publish","type":"page","link":"https:\/\/campinglosviveros.net\/?page_id=388","title":{"rendered":"Casas de madera"},"content":{"rendered":"<h1>Informaci\u00f3n sobre las casas de madera<\/h1>\n<h3>\u00a1Consulta la disponibilidad ahora!<\/h3>\n<p><a href=\"https:\/\/www.campinglosviveros.com\/#ctc_chat\" target=\"_blank\" rel=\"noopener\"><br \/>Disponibilidad<br \/><\/a><\/p>\n<h3>Caracter\u00edsticas<\/h3>\n<p>Nuestras caba\u00f1as de madera <strong>tienen dos habitaciones separadas<\/strong>:<\/p>\n<ul>\n<li>Dormitorio con <strong>cama de matrimonio<\/strong>.<\/li>\n<li>Dormitorio con <strong>cama individual y literas<\/strong>.<\/li>\n<li><strong>Disponen de<\/strong> cocina completa con menaje, frigor\u00edfico, microondas, sal\u00f3n con televisi\u00f3n, cuarto de ba\u00f1o completo, porche y aparcamiento, adem\u00e1s de aire acondicionado.<\/li>\n<li>En todos los alojamientos <strong>se incluye la ropa de cama<\/strong>.<\/li>\n<li><strong>La gerencia no pone toallas personales.<\/strong><\/li>\n<\/ul>\n<h5>Detalles<\/h5>\n<ul>\n<li>2 Habitaciones<\/li>\n<li>Cocina<\/li>\n<li>Ba\u00f1o completo<\/li>\n<li>Sal\u00f3n con televisi\u00f3n<\/li>\n<li>Aire acondicionado<\/li>\n<li>Porche<\/li>\n<\/ul>\n<h3>Precios<\/h3>\n<table id=\"tablepress-2-no-3\"><caption style=\"caption-side: bottom; text-align: left; border: none; background: none; margin: 0; padding: 0;\"><a href=\"https:\/\/campinglosviveros.net\/wp-admin\/admin.php?page=tablepress&amp;action=edit&amp;table_id=2\" rel=\"nofollow\">Editar<\/a><\/caption>\n<thead>\n<tr>\n<th colspan=\"2\"><strong>TARIFAS DE PRECIOS<\/strong><\/th>\n<\/tr>\n<\/thead>\n<tbody>\n<tr>\n<td colspan=\"2\"><strong>Casa para 6-7 personas<\/strong><\/td>\n<\/tr>\n<tr>\n<td>Persona adulta<\/td>\n<td><strong>25 \u20ac\/d\u00eda<\/strong><\/td>\n<\/tr>\n<tr>\n<td>Ni\u00f1o menor de 10 a\u00f1os<\/td>\n<td><strong>16,50 \u20ac\/d\u00eda<\/strong><\/td>\n<\/tr>\n<tr>\n<td><strong>Casa 2 personas 2 noches (si fueran m\u00e1s de 2 personas, precio tarifa)<\/strong><\/td>\n<td><strong>100 \u20ac<\/strong><\/td>\n<\/tr>\n<tr>\n<td colspan=\"2\"><strong>Reserva m\u00ednima 2 noches<\/strong><\/td>\n<\/tr>\n<tr>\n<td colspan=\"2\">IVA INCLUIDO<\/td>\n<\/tr>\n<tr>\n<td colspan=\"2\">* Semana Santa, festivos, puentes y Navidad. Consultar Tarifas<\/td>\n<\/tr>\n<\/tbody>\n<\/table>\n<p><a href=\"https:\/\/campinglosviveros.net\/wp-content\/uploads\/2025\/01\/cabana1.jpeg\" data-elementor-open-lightbox=\"yes\" data-elementor-lightbox-slideshow=\"all-60f1bc97\" data-elementor-lightbox-title=\"cabana1\" data-e-action-hash=\"#elementor-action%3Aaction%3Dlightbox%26settings%3DeyJpZCI6Nzg5LCJ1cmwiOiJodHRwczpcL1wvY2FtcGluZ2xvc3ZpdmVyb3MubmV0XC93cC1jb250ZW50XC91cGxvYWRzXC8yMDI1XC8wMVwvY2FiYW5hMS5qcGVnIiwic2xpZGVzaG93IjoiYWxsLTYwZjFiYzk3In0%3D\"><br \/><\/a><br \/><a href=\"https:\/\/campinglosviveros.net\/wp-content\/uploads\/2023\/04\/Casamadera1_opt.jpeg\" data-elementor-open-lightbox=\"yes\" data-elementor-lightbox-slideshow=\"all-60f1bc97\" data-elementor-lightbox-title=\"Casamadera1_opt\" data-e-action-hash=\"#elementor-action%3Aaction%3Dlightbox%26settings%3DeyJpZCI6NDA4LCJ1cmwiOiJodHRwczpcL1wvY2FtcGluZ2xvc3ZpdmVyb3MubmV0XC93cC1jb250ZW50XC91cGxvYWRzXC8yMDIzXC8wNFwvQ2FzYW1hZGVyYTFfb3B0LmpwZWciLCJzbGlkZXNob3ciOiJhbGwtNjBmMWJjOTcifQ%3D%3D\"><br \/><\/a><br \/><a href=\"https:\/\/campinglosviveros.net\/wp-content\/uploads\/2023\/04\/Casamadera3_opt.jpeg\" data-elementor-open-lightbox=\"yes\" data-elementor-lightbox-slideshow=\"all-60f1bc97\" data-elementor-lightbox-title=\"Casamadera3_opt\" data-e-action-hash=\"#elementor-action%3Aaction%3Dlightbox%26settings%3DeyJpZCI6NDEwLCJ1cmwiOiJodHRwczpcL1wvY2FtcGluZ2xvc3ZpdmVyb3MubmV0XC93cC1jb250ZW50XC91cGxvYWRzXC8yMDIzXC8wNFwvQ2FzYW1hZGVyYTNfb3B0LmpwZWciLCJzbGlkZXNob3ciOiJhbGwtNjBmMWJjOTcifQ%3D%3D\"><br \/><\/a><br \/><a href=\"https:\/\/campinglosviveros.net\/wp-content\/uploads\/2023\/04\/Casamadera16-opt.jpeg\" data-elementor-open-lightbox=\"yes\" data-elementor-lightbox-slideshow=\"all-60f1bc97\" data-elementor-lightbox-title=\"Casamadera16-opt\" data-e-action-hash=\"#elementor-action%3Aaction%3Dlightbox%26settings%3DeyJpZCI6NDAxLCJ1cmwiOiJodHRwczpcL1wvY2FtcGluZ2xvc3ZpdmVyb3MubmV0XC93cC1jb250ZW50XC91cGxvYWRzXC8yMDIzXC8wNFwvQ2FzYW1hZGVyYTE2LW9wdC5qcGVnIiwic2xpZGVzaG93IjoiYWxsLTYwZjFiYzk3In0%3D\"><br \/><\/a><br \/><a href=\"https:\/\/campinglosviveros.net\/wp-content\/uploads\/2025\/01\/cabana-de-madera-aseo-scaled.jpg\" data-elementor-open-lightbox=\"yes\" data-elementor-lightbox-slideshow=\"all-60f1bc97\" data-elementor-lightbox-title=\"caban\u0303a de madera aseo\" data-e-action-hash=\"#elementor-action%3Aaction%3Dlightbox%26settings%3DeyJpZCI6Nzc4LCJ1cmwiOiJodHRwczpcL1wvY2FtcGluZ2xvc3ZpdmVyb3MubmV0XC93cC1jb250ZW50XC91cGxvYWRzXC8yMDI1XC8wMVwvY2FiYW5hLWRlLW1hZGVyYS1hc2VvLXNjYWxlZC5qcGciLCJzbGlkZXNob3ciOiJhbGwtNjBmMWJjOTcifQ%3D%3D\"><br \/><\/a><br \/><a href=\"https:\/\/campinglosviveros.net\/wp-content\/uploads\/2025\/01\/cabana-de-madera-havitacion-matrimonio-scaled.jpg\" data-elementor-open-lightbox=\"yes\" data-elementor-lightbox-slideshow=\"all-60f1bc97\" data-elementor-lightbox-title=\"caban\u0303a de madera havitacion matrimonio\" data-e-action-hash=\"#elementor-action%3Aaction%3Dlightbox%26settings%3DeyJpZCI6NzgwLCJ1cmwiOiJodHRwczpcL1wvY2FtcGluZ2xvc3ZpdmVyb3MubmV0XC93cC1jb250ZW50XC91cGxvYWRzXC8yMDI1XC8wMVwvY2FiYW5hLWRlLW1hZGVyYS1oYXZpdGFjaW9uLW1hdHJpbW9uaW8tc2NhbGVkLmpwZyIsInNsaWRlc2hvdyI6ImFsbC02MGYxYmM5NyJ9\"><br \/><\/a><br \/><a href=\"https:\/\/campinglosviveros.net\/wp-content\/uploads\/2025\/01\/cabana-de-madera-havitacion-pequena-scaled.jpg\" data-elementor-open-lightbox=\"yes\" data-elementor-lightbox-slideshow=\"all-60f1bc97\" data-elementor-lightbox-title=\"caban\u0303a de madera havitacion pequen\u0303a\" data-e-action-hash=\"#elementor-action%3Aaction%3Dlightbox%26settings%3DeyJpZCI6NzgyLCJ1cmwiOiJodHRwczpcL1wvY2FtcGluZ2xvc3ZpdmVyb3MubmV0XC93cC1jb250ZW50XC91cGxvYWRzXC8yMDI1XC8wMVwvY2FiYW5hLWRlLW1hZGVyYS1oYXZpdGFjaW9uLXBlcXVlbmEtc2NhbGVkLmpwZyIsInNsaWRlc2hvdyI6ImFsbC02MGYxYmM5NyJ9\"><br \/><\/a><br \/><a href=\"https:\/\/campinglosviveros.net\/wp-content\/uploads\/2025\/01\/cabana-de-madra-comedor-scaled.jpg\" data-elementor-open-lightbox=\"yes\" data-elementor-lightbox-slideshow=\"all-60f1bc97\" data-elementor-lightbox-title=\"caban\u0303a de madra comedor\" data-e-action-hash=\"#elementor-action%3Aaction%3Dlightbox%26settings%3DeyJpZCI6Nzg0LCJ1cmwiOiJodHRwczpcL1wvY2FtcGluZ2xvc3ZpdmVyb3MubmV0XC93cC1jb250ZW50XC91cGxvYWRzXC8yMDI1XC8wMVwvY2FiYW5hLWRlLW1hZHJhLWNvbWVkb3Itc2NhbGVkLmpwZyIsInNsaWRlc2hvdyI6ImFsbC02MGYxYmM5NyJ9\"><br \/><\/a><br \/><a href=\"https:\/\/campinglosviveros.net\/wp-content\/uploads\/2025\/01\/piscina-panoramica-3.jpg\" data-elementor-open-lightbox=\"yes\" data-elementor-lightbox-slideshow=\"all-60f1bc97\" data-elementor-lightbox-title=\"piscina panoramica\" data-e-action-hash=\"#elementor-action%3Aaction%3Dlightbox%26settings%3DeyJpZCI6ODEyLCJ1cmwiOiJodHRwczpcL1wvY2FtcGluZ2xvc3ZpdmVyb3MubmV0XC93cC1jb250ZW50XC91cGxvYWRzXC8yMDI1XC8wMVwvcGlzY2luYS1wYW5vcmFtaWNhLTMuanBnIiwic2xpZGVzaG93IjoiYWxsLTYwZjFiYzk3In0%3D\"><br \/><\/a><\/p>\n\n\n<p><\/p>\n","protected":false},"excerpt":{"rendered":"<p>Informaci\u00f3n sobre las casas de madera \u00a1Consulta la disponibilidad ahora! Disponibilidad Caracter\u00edsticas Nuestras caba\u00f1as de madera tienen dos habitaciones separadas: Dormitorio con cama de matrimonio. Dormitorio con cama individual y literas. Disponen de cocina completa con menaje, frigor\u00edfico, microondas, sal\u00f3n con televisi\u00f3n, cuarto de ba\u00f1o completo, porche y aparcamiento, adem\u00e1s de aire acondicionado. En todos [&hellip;]<\/p>\n","protected":false},"author":1,"featured_media":0,"parent":0,"menu_order":0,"comment_status":"closed","ping_status":"closed","template":"elementor_header_footer","meta":{"inline_featured_image":false,"footnotes":""},"class_list":["post-388","page","type-page","status-publish","hentry"],"_links":{"self":[{"href":"https:\/\/campinglosviveros.net\/index.php?rest_route=\/wp\/v2\/pages\/388","targetHints":{"allow":["GET"]}}],"collection":[{"href":"https:\/\/campinglosviveros.net\/index.php?rest_route=\/wp\/v2\/pages"}],"about":[{"href":"https:\/\/campinglosviveros.net\/index.php?rest_route=\/wp\/v2\/types\/page"}],"author":[{"embeddable":true,"href":"https:\/\/campinglosviveros.net\/index.php?rest_route=\/wp\/v2\/users\/1"}],"replies":[{"embeddable":true,"href":"https:\/\/campinglosviveros.net\/index.php?rest_route=%2Fwp%2Fv2%2Fcomments&post=388"}],"version-history":[{"count":28,"href":"https:\/\/campinglosviveros.net\/index.php?rest_route=\/wp\/v2\/pages\/388\/revisions"}],"predecessor-version":[{"id":928,"href":"https:\/\/campinglosviveros.net\/index.php?rest_route=\/wp\/v2\/pages\/388\/revisions\/928"}],"wp:attachment":[{"href":"https:\/\/campinglosviveros.net\/index.php?rest_route=%2Fwp%2Fv2%2Fmedia&parent=388"}],"curies":[{"name":"wp","href":"https:\/\/api.w.org\/{rel}","templated":true}]}}